{"id":419,"date":"2020-10-24T14:44:51","date_gmt":"2020-10-24T17:44:51","guid":{"rendered":"http:\/\/mrcheffgastronomia.com.br\/?page_id=419"},"modified":"2020-10-29T18:29:49","modified_gmt":"2020-10-29T21:29:49","slug":"politica-de-privacidade","status":"publish","type":"page","link":"https:\/\/mrcheffgastronomia.com.br\/?page_id=419","title":{"rendered":"Pol\u00edtica de Privacidade"},"content":{"rendered":"\t\t<div data-elementor-type=\"wp-page\" data-elementor-id=\"419\" class=\"elementor elementor-419\">\n\t\t\t\t\t\t<section class=\"elementor-section elementor-top-section elementor-element elementor-element-6dc9e5b elementor-section-boxed elementor-section-height-default elementor-section-height-default\" data-id=\"6dc9e5b\" data-element_type=\"section\">\n\t\t\t\t\t\t<div class=\"elementor-container elementor-column-gap-default\">\n\t\t\t\t\t<div class=\"elementor-column elementor-col-100 elementor-top-column elementor-element elementor-element-c761e16\" data-id=\"c761e16\" data-element_type=\"column\">\n\t\t\t<div class=\"elementor-widget-wrap elementor-element-populated\">\n\t\t\t\t\t\t<div class=\"elementor-element elementor-element-8babf24 elementor-widget elementor-widget-text-editor\" data-id=\"8babf24\" data-element_type=\"widget\" data-widget_type=\"text-editor.default\">\n\t\t\t\t<div class=\"elementor-widget-container\">\n\t\t\t\t\t\t\t<h2 class=\"p2\"><b>Aviso de privacidade<\/b><\/h2><p class=\"p1\">Bem-vindo \u00e0 p\u00e1gina de privacidade da Mr. Cheff Gastronomia e obrigado por seu interesse. Nosso programa de Privacidade existe para ajud\u00e1-lo a entender quais dados pessoais podemos colher e as etapas que seguimos para proteger sua privacidade. A Mr. Cheff Gastronomia se empenha em criar produtos, servi\u00e7os, processos e solu\u00e7\u00f5es que garantam que seus dados pessoais sejam processados e protegidos corretamente. Para esse fim, esperamos incorporar os seguintes princ\u00edpios de privacidade reconhecidos em tudo o que fazemos:<\/p><ul class=\"ul1\"><li class=\"li1\">Comunica\u00e7\u00e3o clara e escolha consciente;<\/li><li class=\"li1\">Uso dentro da lei;<\/li><li class=\"li1\">Acesso aos dados;<\/li><li class=\"li1\">Integridade dos dados;<\/li><li class=\"li1\">Minimiza\u00e7\u00e3o dos dados;<\/li><li class=\"li1\">Seguran\u00e7a dos dados;<\/li><li class=\"li1\">Compartilhamento limitado;<\/li><li>Responsabilidade pela transfer\u00eancia dos dados.<\/li><\/ul><p class=\"p1\">Privacidade na Mr. Cheff Gastronomia \u00e9 uma pol\u00edtica dedicada exclusivamente a implementar, promover e manter uma cultura corporativa que compreende e respeita seu direito \u00e0 privacidade. Se pudermos esclarecer quaisquer d\u00favidas ou ajudar de alguma forma, entre em contato conosco conforme indicado abaixo.<\/p><h2 class=\"p1\"><b>O que s\u00e3o dados pessoais?<\/b><\/h2><p class=\"p1\">A Mr. Cheff Gastronomia adota uma vis\u00e3o ampla de dados pessoais para proteger melhor sua privacidade. Normalmente, o termo &#8220;Dados pessoais&#8221; significa qualquer informa\u00e7\u00e3o relativa a uma pessoa identificada ou identific\u00e1vel (em vez de uma empresa ou uma organiza\u00e7\u00e3o). Uma pessoa identific\u00e1vel \u00e9 algu\u00e9m que possa ser identificado, direta ou indiretamente, por meio de refer\u00eancias a aspectos como um nome, um n\u00famero de identifica\u00e7\u00e3o, um endere\u00e7o, uma ID de funcion\u00e1rio, um cargo ou um n\u00famero de telefone. Por exemplo, Jane Alvarez, que reside na Rua Mr. Cheff Gastronomia, 123 e com n\u00famero de telefone (859) 123-4567 \u00e9 uma pessoa identific\u00e1vel: seu nome, endere\u00e7o e n\u00famero de telefone s\u00e3o exemplos de seus dados pessoais. Outros tipos de dados pessoais podem ser menos \u00f3bvios, como um endere\u00e7o IP ou outros tipos de identificadores online.<\/p><h2 class=\"p1\"><b>O que este aviso abrange?<\/b><\/h2><p class=\"p1\">Este aviso abrange todos os dados pessoais colhidos durante a utiliza\u00e7\u00e3o de nossos websites, produtos e servi\u00e7os. Se, por algum motivo, nossas pr\u00e1ticas de privacidade forem diferentes daquelas explicadas neste aviso, voc\u00ea ser\u00e1 notificado quando solicitarmos suas informa\u00e7\u00f5es.<\/p><p class=\"p1\">Algumas p\u00e1ginas em nossos websites podem conter links para websites de terceiros. N\u00e3o endossamos e n\u00e3o temos controle sobre as pr\u00e1ticas de privacidade ou o conte\u00fado desses websites. Recomendamos que voc\u00ea leia atentamente os avisos de privacidade de cada site que visitar, incluindo o nosso.<\/p><p class=\"p1\">Alguns produtos ou solu\u00e7\u00f5es que oferecemos podem ser de marcas parceiras ou oferecidos em conjunto com os produtos e solu\u00e7\u00f5es de outras empresas. Estes produtos e solu\u00e7\u00f5es podem vir com outros pedidos de registro ou termos e condi\u00e7\u00f5es. Se voc\u00ea registrar ou utilizar esses produtos, tanto n\u00f3s quanto a outra empresa poderemos receber as informa\u00e7\u00f5es fornecidas. Apesar de selecionarmos cuidadosamente nossos parceiros de neg\u00f3cios, n\u00e3o endossamos e n\u00e3o temos controle sobre as pr\u00e1ticas de privacidade ou conte\u00fados de nenhuma empresa de terceiros.<\/p><h2 class=\"p1\"><b>Quando colhemos dados pessoais?<\/b><\/h2><p class=\"p1\">Colhemos dados pessoais quando voc\u00ea entra em contato ou faz neg\u00f3cios com a Mr. Cheff Gastronomia, por exemplo, ao:<\/p><ul class=\"ul1\"><li class=\"li1\">Comprar produtos ou servi\u00e7os;<\/li><li class=\"li1\">Registrar produtos;<\/li><li class=\"li1\">Solicitar suporte a um produto;<\/li><li class=\"li1\">Solicitar downloads de software;<\/li><li class=\"li1\">Criar uma conta de usu\u00e1rio (nome de usu\u00e1rio e senha de login);<\/li><li class=\"li1\">Solicitar informa\u00e7\u00f5es ou materiais (por exemplo, boletins informativos);<\/li><li class=\"li1\">Participar de pesquisas e avalia\u00e7\u00f5es;<\/li><li class=\"li1\">Participar de promo\u00e7\u00f5es, concursos ou recebimento de brindes;<\/li><li class=\"li1\">Candidatar-se a um emprego ou enviar seu curr\u00edculo;<\/li><li class=\"li1\">Fazer um contrato conosco (voc\u00ea ou algu\u00e9m para quem voc\u00ea trabalha);<\/li><li class=\"li1\">Enviar d\u00favidas ou coment\u00e1rios.<\/li><\/ul><h2 class=\"p1\"><b>Que tipos de dados pessoais colhemos?<\/b><\/h2><p class=\"p1\">Podemos colher v\u00e1rios tipos de dados pessoais, incluindo:<\/p><ul class=\"ul1\"><li class=\"li1\">Seu nome e sobrenome;<\/li><li class=\"li1\">Seu cargo e nome da empresa;<\/li><li class=\"li1\">Seu endere\u00e7o residencial, de cobran\u00e7a e outros endere\u00e7os f\u00edsicos (incluindo rua, cidade, estado, c\u00f3digo postal);<\/li><li class=\"li1\">Seu endere\u00e7o de e-mail;<\/li><li class=\"li1\">Seu n\u00famero de telefone;<\/li><li class=\"li1\">Sua forma\u00e7\u00e3o acad\u00eamica, experi\u00eancia profissional e interesse no cargo (para os candidatos a empregos que enviam informa\u00e7\u00f5es);<\/li><li class=\"li1\">Qualquer outro identificador que permita \u00e0 Mr. Cheff Gastronomia entrar em contato f\u00edsico ou online com voc\u00ea;<\/li><li class=\"li1\">As informa\u00e7\u00f5es que colhemos online a seu respeito e mantemos associadas \u00e0 sua conta, como seu nome de usu\u00e1rio e senha;<\/li><li class=\"li1\">Outras informa\u00e7\u00f5es fornecidas a n\u00f3s quando voc\u00ea usa nossa loja na Web ou se comunica conosco.<\/li><\/ul><p class=\"p1\">Tamb\u00e9m poderemos registrar o endere\u00e7o IP que voc\u00ea usa para se conectar \u00e0 Internet. Um endere\u00e7o IP \u00e9 um identificador \u00fanico usado por dispositivos para se identificarem e comunicarem entre si na Internet.<\/p><p class=\"p1\">N\u00e3o \u00e9 necess\u00e1rio fornecer dados pessoais apenas para navegar por nosso site, mas coletamos determinadas informa\u00e7\u00f5es por meio de cookies e outras tecnologias, conforme explicado em nossa notifica\u00e7\u00e3o sobre <span class=\"s1\">cookies (link para pg. cookies).<\/span><\/p><p class=\"p1\">Se seus dados pessoais forem fornecidos para n\u00f3s por terceiros (por exemplo, por seu empregador), solicitaremos a estes que garantam que tenham o direito legal de coletar os dados e de fornec\u00ea-los a n\u00f3s.<\/p><p class=\"p1\">A Mr. Cheff Gastronomia n\u00e3o anuncia ativamente ou direciona comunica\u00e7\u00f5es a crian\u00e7as nem coleta propositalmente suas informa\u00e7\u00f5es. Incentivamos pais e respons\u00e1veis a assumirem um papel ativo nos interesses e nas atividades on-line das crian\u00e7as.<\/p><h2 class=\"p1\"><b>Como utilizamos suas informa\u00e7\u00f5es?<\/b><\/h2><p class=\"p1\">Como todas as empresas, usamos os dados pessoais que colhemos de v\u00e1rias formas. Alguns exemplos incluem:<\/p><ul class=\"ul1\"><li class=\"li1\">Para operar nossos websites;<\/li><li class=\"li1\">Para atender \u00e0s suas solicita\u00e7\u00f5es de informa\u00e7\u00f5es;<\/li><li class=\"li1\">Para registrar seus produtos;<\/li><li class=\"li1\">Para processar suas solicita\u00e7\u00f5es de emprego;<\/li><li class=\"li1\">Para permitir que voc\u00ea participe de concursos e pesquisas;<\/li><li class=\"li1\">Para fornecer assist\u00eancia e suporte;<\/li><li class=\"li1\">Para processar as compras que voc\u00ea solicitou;<\/li><li class=\"li1\">Para controlar suas prefer\u00eancias em rela\u00e7\u00e3o ao nosso contato com voc\u00ea;<\/li><li class=\"li1\">Para fornecer suporte e manuten\u00e7\u00e3o a seus produtos Mr. Cheff Gastronomia;<\/li><li class=\"li1\">Para cumprir nossas responsabilidades contratuais com sua empresa.<\/li><\/ul><p class=\"p1\">Tamb\u00e9m usamos seus dados pessoais para nos comunicar com voc\u00ea. Podemos usar seus dados pessoais para enviar determinadas comunica\u00e7\u00f5es de servi\u00e7o obrigat\u00f3rias, como cartas de boas-vindas, lembretes de cobran\u00e7a, informa\u00e7\u00f5es sobre problemas de assist\u00eancia t\u00e9cnica, avisos de seguran\u00e7a, atualiza\u00e7\u00f5es e outros an\u00fancios de suporte. Se voc\u00ea optar por receber materiais promocionais, podemos tamb\u00e9m usar seus dados pessoais para confirmar essa escolha quando for necess\u00e1rio e para promover e vender produtos, servi\u00e7os e ofertas especiais.<\/p><p class=\"p1\">Os dados pessoais sob nosso cuidado podem ser armazenados, transferidos, combinados com outros dados e processados, tudo isso de acordo com nossos princ\u00edpios de privacidade.<\/p><h2 class=\"p1\"><b>Seus direitos<\/b><\/h2><p class=\"p1\">Os direitos sobre seus dados pessoais variam em cada regi\u00e3o e podem incluir:<\/p><ul class=\"ul1\"><li class=\"li1\">O direito de estar totalmente informado sobre os dados colhidos, porque colhemos os dados e se pretendemos transferi-los;<\/li><li class=\"li1\">O direito de acessar seus dados e corrigir ou atualizar quaisquer erros;<\/li><li class=\"li1\">O direito de apag\u00e1-los;<\/li><li class=\"li1\">O direito de ser notificado;<\/li><li class=\"li1\">O direito de restringir o uso de dados pessoais;<\/li><li class=\"li1\">O direito de fazer obje\u00e7\u00e3o a algumas formas de processamento;<\/li><li class=\"li1\">O direito de fazer uma reclama\u00e7\u00e3o com a autoridade de supervis\u00e3o competente.<\/li><li class=\"li1\">Se nosso uso de seus dados pessoais for baseado em seu consentimento, voc\u00ea poder\u00e1 cancel\u00e1-lo a qualquer momento, entrando em contato conosco por escrito conforme indicado abaixo ou, se aplic\u00e1vel, por meio do Centro de prefer\u00eancias globais. Voc\u00ea ser\u00e1 informado sobre as implica\u00e7\u00f5es do cancelamento do consentimento.<\/li><\/ul><h2 class=\"p1\"><b>Como entrar em contato conosco<\/b><\/h2><p class=\"p1\">Sinta-se \u00e0 vontade para enviar quaisquer d\u00favidas ou preocupa\u00e7\u00f5es relacionadas a este aviso ou ao nosso tratamento dos dados pessoais, entrando em contato conosco por e-mail ou pelo endere\u00e7o f\u00edsico indicado abaixo. Para garantir o tratamento mais eficiente de seu problema, \u00e9 altamente recomend\u00e1vel que voc\u00ea use o endere\u00e7o de e-mail da Mr. Cheff Gastronomia. Quando recebemos d\u00favidas e preocupa\u00e7\u00f5es por escrito, \u00e9 nossa pol\u00edtica entrar em contato com o usu\u00e1rio individual com rela\u00e7\u00e3o \u00e0s respectivas preocupa\u00e7\u00f5es assim que poss\u00edvel. Investigaremos e tentaremos resolver quaisquer d\u00favidas ou preocupa\u00e7\u00f5es relacionadas aos dados pessoais ou ao nosso programa de privacidade de acordo com os princ\u00edpios contidos neste aviso.<\/p><p class=\"p1\"><i>E-mail<\/i><\/p><p class=\"p1\"><span class=\"s1\">privacidade@mrcheffgastronomia.com.br<\/span><\/p><p class=\"p1\"><i>Endere\u00e7o<\/i><\/p><p class=\"p1\">Mr. Cheff Gastronomia &#8211; Escrit\u00f3rio Central &#8211; Rodovia Celso Garcia Cid, Km 377, s\/n<\/p><p class=\"p1\">Quando entrar em contato conosco, informe seu nome, endere\u00e7o, qualquer endere\u00e7o de e-mail que tenha fornecido em nosso(s) website(s) e uma descri\u00e7\u00e3o das circunst\u00e2ncias em que forneceu os dados (por exemplo, para registar um produto, para receber um boletim informativo etc.). Para proteger sua privacidade e seguran\u00e7a, tamb\u00e9m seguiremos etapas razo\u00e1veis para confirmar sua identidade antes de tomar quaisquer medidas.<\/p><h2 class=\"p1\"><b>Altera\u00e7\u00f5es deste aviso<\/b><\/h2><p class=\"p1\">Analisamos regularmente nossa conformidade com este aviso de privacidade. Se alterarmos este aviso, publicaremos o aviso revisado aqui, juntamente com a data da revis\u00e3o. Se as altera\u00e7\u00f5es forem significativas, tamb\u00e9m poderemos publicar um aviso em nossa p\u00e1gina inicial. Quaisquer altera\u00e7\u00f5es ser\u00e3o aplicadas somente a partir da data da revis\u00e3o.<\/p><h2 class=\"p1\"><b>Nossos princ\u00edpios de privacidade<\/b><\/h2><p class=\"p1\">As se\u00e7\u00f5es seguintes fornecem uma explica\u00e7\u00e3o mais detalhada de nossos princ\u00edpios de privacidade.<\/p><h2 class=\"p1\"><b>Aviso de uso de dados pessoais<\/b><\/h2><p class=\"p1\">O objetivo da Mr. Cheff Gastronomia \u00e9 ser totalmente transparente na coleta e no uso de dados pessoais. Fornecemos avisos quando colhemos seus dados pessoais para explicar a finalidade para a qual estamos colhendo os dados. Este aviso destina-se a ajud\u00e1-lo a fazer uma escolha fundamentada. N\u00f3s nos esfor\u00e7amos para fornecer informa\u00e7\u00f5es e explica\u00e7\u00f5es de forma clara e pr\u00e1tica em cada fase que solicitamos seus dados.<\/p><p class=\"p1\">Fornecemos avisos sobre os tipos de dados colhidos, como os dados ser\u00e3o usados, como os dados s\u00e3o obtidos (se ainda n\u00e3o estiver claro), com quem os dados podem ser partilhados e por quanto tempo ser\u00e3o retidos. Se n\u00e3o formos claros ou se voc\u00ea tiver qualquer d\u00favida, sinta-se \u00e0 vontade para perguntar.<\/p><p class=\"p1\">N\u00e3o usaremos os dados para qualquer finalidade diferente da disposta no aviso. Se voc\u00ea ou seu empregador optar por ter uma rela\u00e7\u00e3o contratual ou outra rela\u00e7\u00e3o comercial com a Mr. Cheff Gastronomia, poderemos entrar em contato em conex\u00e3o com essa rela\u00e7\u00e3o comercial quando necess\u00e1rio.<\/p><p class=\"p1\">Na maioria das vezes, voc\u00ea pode simplesmente optar por n\u00e3o nos fornecer seus dados pessoais. Se optar por n\u00e3o fornecer os dados pessoais que solicitarmos online, voc\u00ea ainda poder\u00e1 acessar a maior parte de nossas p\u00e1ginas da Web, mas talvez n\u00e3o seja poss\u00edvel acessar algumas op\u00e7\u00f5es, ofertas e servi\u00e7os que envolvam a nossa intera\u00e7\u00e3o com voc\u00ea.<\/p><h2 class=\"p1\"><b>Uso dentro da lei<\/b><\/h2><p class=\"p1\">Dependendo das circunst\u00e2ncias em que colhemos dados pessoais, o uso e o processamento dos dados pela Mr. Cheff Gastronomia ser\u00e3o baseados em uma ou mais das seguintes op\u00e7\u00f5es:<\/p><ul class=\"ul1\"><li class=\"li1\">Seu consentimento;<\/li><li class=\"li1\">Cumprimento de uma obriga\u00e7\u00e3o a voc\u00ea,<\/li><li class=\"li1\">Nossa conformidade com uma lei, regulamenta\u00e7\u00e3o ou outras obriga\u00e7\u00f5es legais aplic\u00e1veis;<\/li><li class=\"li1\">A necessidade de proteger interesses vitais, seus ou de outra pessoa f\u00edsica; ou,<\/li><li class=\"li1\">Os interesses leg\u00edtimos de nossa empresa ou de um terceiro quando tais interesses substitu\u00edrem o seu interesse pessoal, seus direitos ou liberdades fundamentais.<\/li><\/ul><p class=\"p1\">A Mr. Cheff Gastronomia frequentemente analisa as finalidades para as quais os dados s\u00e3o colhidos para garantir que nossa coleta de dados seja compat\u00edvel com as exig\u00eancias comerciais razo\u00e1veis.<\/p><h2 class=\"p1\"><b>Acesso aos dados<\/b><\/h2><p class=\"p1\">Seus dados pessoais pertencem a voc\u00ea. Forneceremos o m\u00e1ximo de acesso e de informa\u00e7\u00f5es que pudermos para que os dados pessoais sob nosso cuidado sejam atualizados ou corrigidos. Quando aplic\u00e1vel, tamb\u00e9m forneceremos um m\u00e9todo para cancelar seu consentimento, solicitar uma c\u00f3pia ou a transfer\u00eancia de seus dados e at\u00e9 mesmo excluir seus dados pessoais. Lembre-se de que qualquer tipo de solicita\u00e7\u00e3o deve ser v\u00e1lido e legal e que poderemos solicitar detalhes adicionais para responder adequadamente. Responderemos a cada solicita\u00e7\u00e3o de acordo com a lei.<\/p><h2 class=\"p1\"><b>Integridade dos dados<\/b><\/h2><p class=\"p1\">A Mr. Cheff Gastronomia segue etapas razo\u00e1veis para garantir que os dados pessoais que processamos sejam exatos, completos e atuais, encorajando voc\u00ea a atualizar seus dados pessoais conforme necess\u00e1rio.<\/p><p class=\"p1\">N\u00f3s nos esfor\u00e7amos para manter seus dados pessoais registrados com precis\u00e3o. Implementamos a tecnologia, os processos de gerenciamento e as pol\u00edticas para ajudar a manter a precis\u00e3o dos dados. Fornecemos razo\u00e1vel acesso \u00e0s pessoas para a revis\u00e3o e corre\u00e7\u00e3o de seus dados pessoais.<\/p><h2 class=\"p1\"><b>Minimiza\u00e7\u00e3o dos dados<\/b><\/h2><p class=\"p1\">\u00c9 pr\u00e1tica da Mr. Cheff Gastronomia obter o m\u00ednimo de dados pessoais necess\u00e1rios para a finalidade indicada. Tamb\u00e9m \u00e9 nossa pol\u00edtica manter os dados pessoais apenas enquanto necess\u00e1rio para atender \u00e0 necessidade comercial para a qual s\u00e3o colhidos. Assim que a necessidade comercial for atendida, os dados pessoais ser\u00e3o exclu\u00eddos habitualmente. Em alguns casos, os dados pessoais devem ser mantidos por mais tempo do que o esperado por causa de obriga\u00e7\u00f5es legais.<\/p><h2 class=\"p1\"><b>Seguran\u00e7a dos dados<\/b><\/h2><p class=\"p1\">Levamos a s\u00e9rio a confian\u00e7a que voc\u00ea deposita em n\u00f3s e nos empenhamos em incorporar a seguran\u00e7a das informa\u00e7\u00f5es aos nossos sistemas, produtos e servi\u00e7os.<\/p><p class=\"p1\">Para a prote\u00e7\u00e3o contra acesso n\u00e3o autorizado, uso indevido, divulga\u00e7\u00e3o ou altera\u00e7\u00e3o de seus dados pessoais, tamb\u00e9m empregamos medidas f\u00edsicas, t\u00e9cnicas, organizacionais e administrativas adequadas.<\/p><p class=\"p1\">Os produtos e servi\u00e7os Mr. Cheff Gastronomia s\u00e3o criados com a privacidade e a seguran\u00e7a em mente, usando metodologias testadas, como um ciclo de vida de desenvolvimento seguro e avalia\u00e7\u00f5es do impacto sobre a privacidade. Nossos produtos t\u00eam recebido reconhecimento em todo o mundo ano ap\u00f3s ano por suas confi\u00e1veis caracter\u00edsticas.<\/p><h2 class=\"p1\"><b>Compartilhamento dos dados<\/b><\/h2><p class=\"p1\">Mantemos seus dados pessoais confidenciais. N\u00e3o venderemos, alugaremos, comercializaremos ou arrendaremos seus dados pessoais a outras pessoas. A menos que tenhamos sua permiss\u00e3o, n\u00e3o usaremos ou compartilharemos seus dados pessoais de formas que n\u00e3o estejam relacionadas \u00e0s formas descritas quando voc\u00ea fornecer os dados ou conforme descrito em um contrato de controle. Envolvemos prestadores e fornecedores de servi\u00e7os (&#8220;agentes&#8221;) para executar certas fun\u00e7\u00f5es em nosso nome. Por exemplo, esses agentes podem fornecer produtos a voc\u00ea, fornecer suporte e assist\u00eancia, manter nossos sistemas de tecnologia da informa\u00e7\u00e3o e nos ajudar com iniciativas leg\u00edtimas de comunica\u00e7\u00e3o e de marketing. Esses agentes ter\u00e3o permiss\u00e3o para processar os dados pessoais somente para realizar os servi\u00e7os especificados pela Mr. Cheff Gastronomia. Eles s\u00e3o necess\u00e1rios para manter a confidencialidade das informa\u00e7\u00f5es e est\u00e3o proibidos de us\u00e1-las para qualquer outra finalidade. Todo agente acatar\u00e1 os termos por escrito da Mr. Cheff Gastronomia exigindo que esse agente respeite os termos que tenham a mesma prote\u00e7\u00e3o do que os padr\u00f5es de privacidade da Mr. Cheff Gastronomia.<\/p><p class=\"p1\">A Mr. Cheff Gastronomia ou suas afiliadas poder\u00e3o fundir-se ou ser adquiridas por outras empresas, ou seus respectivos ativos poder\u00e3o ser adquiridos. A Mr. Cheff Gastronomia procurar\u00e1 prote\u00e7\u00e3o adequada para obter informa\u00e7\u00f5es pessoais nesses tipos de transa\u00e7\u00f5es.<\/p><h2 class=\"p1\"><b>Transfer\u00eancias internacionais<\/b><\/h2><p class=\"p1\">N\u00e3o somos uma organiza\u00e7\u00e3o global, portanto seus dados n\u00e3o s\u00e3o transferidos e acessados por entidades fora do Brasil.<\/p>\t\t\t\t\t\t<\/div>\n\t\t\t\t<\/div>\n\t\t\t\t\t<\/div>\n\t\t<\/div>\n\t\t\t\t\t<\/div>\n\t\t<\/section>\n\t\t\t\t<\/div>\n\t\t","protected":false},"excerpt":{"rendered":"<p>Aviso de privacidade Bem-vindo \u00e0 p\u00e1gina de privacidade da Mr. Cheff Gastronomia e obrigado por seu interesse. Nosso programa de Privacidade existe para ajud\u00e1-lo a entender quais dados pessoais podemos colher e as etapas que seguimos para proteger sua privacidade. A Mr. Cheff Gastronomia se empenha em criar produtos, servi\u00e7os, processos e solu\u00e7\u00f5es que garantam [&hellip;]<\/p>\n","protected":false},"author":4,"featured_media":0,"parent":0,"menu_order":0,"comment_status":"closed","ping_status":"closed","template":"","meta":{"footnotes":""},"class_list":["post-419","page","type-page","status-publish","hentry"],"_links":{"self":[{"href":"https:\/\/mrcheffgastronomia.com.br\/index.php?rest_route=\/wp\/v2\/pages\/419","targetHints":{"allow":["GET"]}}],"collection":[{"href":"https:\/\/mrcheffgastronomia.com.br\/index.php?rest_route=\/wp\/v2\/pages"}],"about":[{"href":"https:\/\/mrcheffgastronomia.com.br\/index.php?rest_route=\/wp\/v2\/types\/page"}],"author":[{"embeddable":true,"href":"https:\/\/mrcheffgastronomia.com.br\/index.php?rest_route=\/wp\/v2\/users\/4"}],"replies":[{"embeddable":true,"href":"https:\/\/mrcheffgastronomia.com.br\/index.php?rest_route=%2Fwp%2Fv2%2Fcomments&post=419"}],"version-history":[{"count":5,"href":"https:\/\/mrcheffgastronomia.com.br\/index.php?rest_route=\/wp\/v2\/pages\/419\/revisions"}],"predecessor-version":[{"id":458,"href":"https:\/\/mrcheffgastronomia.com.br\/index.php?rest_route=\/wp\/v2\/pages\/419\/revisions\/458"}],"wp:attachment":[{"href":"https:\/\/mrcheffgastronomia.com.br\/index.php?rest_route=%2Fwp%2Fv2%2Fmedia&parent=419"}],"curies":[{"name":"wp","href":"https:\/\/api.w.org\/{rel}","templated":true}]}}